{"id":4143,"date":"2021-10-18T11:41:36","date_gmt":"2021-10-18T09:41:36","guid":{"rendered":"https:\/\/ki-convention.com\/community\/dominik-renneke\/"},"modified":"2021-10-25T13:23:16","modified_gmt":"2021-10-25T11:23:16","slug":"dominik-renneke","status":"publish","type":"community","link":"https:\/\/ki-convention.com\/en\/community\/dominik-renneke\/","title":{"rendered":"Dominik Renneke"},"content":{"rendered":"\n<h6 class=\"has-black-color has-text-color wp-block-heading\">Photo: Jill Abanico<\/h6>\n\n<p>Dominik Renneke (* 1993) is a dramaturge and curator. He studied German, theater studies and history in M\u00fcnster and Bochum. After assistant directors at Ersan Mondtag and Thorleifur \u00d6rn Arnasson, he has been working at Burg H\u00fclshoff &#8211; Center for Literature since 2018, at the interface between literature and new forms of artistic participatory mediation. In 2020 he founded the initiative<em> Call it Classism<\/em> &#8211; Classism in the culture industry. Starting in 2022, he will be working on a doctoral project on the influence of the New Right on art and culture.<\/p>\n","protected":false},"excerpt":{"rendered":"<p>Photo: Jill Abanico Dominik Renneke (* 1993) is a dramaturge and curator. He studied German, theater studies and history in M\u00fcnster and Bochum. After assistant directors at Ersan Mondtag and Thorleifur \u00d6rn Arnasson, he has been working at Burg H\u00fclshoff &#8211; Center for Literature since 2018, at the interface between literature and new forms of [&hellip;]<\/p>\n","protected":false},"author":6,"featured_media":5338,"template":"","categories":[37],"class_list":["post-4143","community","type-community","status-publish","has-post-thumbnail","hentry","category-culture"],"acf":[],"yoast_head":"<!-- This site is optimized with the Yoast SEO plugin v27.3 - https:\/\/yoast.com\/product\/yoast-seo-wordpress\/ -->\n<title>Dominik Renneke - AI &amp; WE*<\/title>\n<meta name=\"robots\" content=\"index, follow, max-snippet:-1, max-image-preview:large, max-video-preview:-1\" \/>\n<link rel=\"canonical\" href=\"https:\/\/ki-convention.com\/en\/community\/dominik-renneke\/\" \/>\n<meta property=\"og:locale\" content=\"en_US\" \/>\n<meta property=\"og:type\" content=\"article\" \/>\n<meta property=\"og:title\" content=\"Dominik Renneke - AI &amp; WE*\" \/>\n<meta property=\"og:description\" content=\"Photo: Jill Abanico Dominik Renneke (* 1993) is a dramaturge and curator. He studied German, theater studies and history in M\u00fcnster and Bochum. After assistant directors at Ersan Mondtag and Thorleifur \u00d6rn Arnasson, he has been working at Burg H\u00fclshoff &#8211; Center for Literature since 2018, at the interface between literature and new forms of [&hellip;]\" \/>\n<meta property=\"og:url\" content=\"https:\/\/ki-convention.com\/en\/community\/dominik-renneke\/\" \/>\n<meta property=\"og:site_name\" content=\"AI &amp; WE*\" \/>\n<meta property=\"article:modified_time\" content=\"2021-10-25T11:23:16+00:00\" \/>\n<meta property=\"og:image\" content=\"https:\/\/ki-convention.com\/wp-content\/uploads\/2021\/10\/Dominik-Renneke_Burg-Hu\u0308lshoff.jpg\" \/>\n\t<meta property=\"og:image:width\" content=\"1667\" \/>\n\t<meta property=\"og:image:height\" content=\"2500\" \/>\n\t<meta property=\"og:image:type\" content=\"image\/jpeg\" \/>\n<meta name=\"twitter:card\" content=\"summary_large_image\" \/>\n<script type=\"application\/ld+json\" class=\"yoast-schema-graph\">{\"@context\":\"https:\\\/\\\/schema.org\",\"@graph\":[{\"@type\":\"WebPage\",\"@id\":\"https:\\\/\\\/ki-convention.com\\\/en\\\/community\\\/dominik-renneke\\\/\",\"url\":\"https:\\\/\\\/ki-convention.com\\\/en\\\/community\\\/dominik-renneke\\\/\",\"name\":\"Dominik Renneke - AI & WE*\",\"isPartOf\":{\"@id\":\"https:\\\/\\\/ki-convention.com\\\/#website\"},\"primaryImageOfPage\":{\"@id\":\"https:\\\/\\\/ki-convention.com\\\/en\\\/community\\\/dominik-renneke\\\/#primaryimage\"},\"image\":{\"@id\":\"https:\\\/\\\/ki-convention.com\\\/en\\\/community\\\/dominik-renneke\\\/#primaryimage\"},\"thumbnailUrl\":\"https:\\\/\\\/ki-convention.com\\\/wp-content\\\/uploads\\\/2021\\\/10\\\/c_Ute_Friederike_Schernau-scaled.jpg\",\"datePublished\":\"2021-10-18T09:41:36+00:00\",\"dateModified\":\"2021-10-25T11:23:16+00:00\",\"breadcrumb\":{\"@id\":\"https:\\\/\\\/ki-convention.com\\\/en\\\/community\\\/dominik-renneke\\\/#breadcrumb\"},\"inLanguage\":\"en-US\",\"potentialAction\":[{\"@type\":\"ReadAction\",\"target\":[\"https:\\\/\\\/ki-convention.com\\\/en\\\/community\\\/dominik-renneke\\\/\"]}]},{\"@type\":\"ImageObject\",\"inLanguage\":\"en-US\",\"@id\":\"https:\\\/\\\/ki-convention.com\\\/en\\\/community\\\/dominik-renneke\\\/#primaryimage\",\"url\":\"https:\\\/\\\/ki-convention.com\\\/wp-content\\\/uploads\\\/2021\\\/10\\\/c_Ute_Friederike_Schernau-scaled.jpg\",\"contentUrl\":\"https:\\\/\\\/ki-convention.com\\\/wp-content\\\/uploads\\\/2021\\\/10\\\/c_Ute_Friederike_Schernau-scaled.jpg\",\"width\":1703,\"height\":2560},{\"@type\":\"BreadcrumbList\",\"@id\":\"https:\\\/\\\/ki-convention.com\\\/en\\\/community\\\/dominik-renneke\\\/#breadcrumb\",\"itemListElement\":[{\"@type\":\"ListItem\",\"position\":1,\"name\":\"Startseite\",\"item\":\"https:\\\/\\\/ki-convention.com\\\/en\\\/\"},{\"@type\":\"ListItem\",\"position\":2,\"name\":\"Dominik Renneke\"}]},{\"@type\":\"WebSite\",\"@id\":\"https:\\\/\\\/ki-convention.com\\\/#website\",\"url\":\"https:\\\/\\\/ki-convention.com\\\/\",\"name\":\"AI & WE*\",\"description\":\"Die digitale Convention zu mehr Vielfalt in und mit K\u00fcnstlicher Intelligenz\",\"publisher\":{\"@id\":\"https:\\\/\\\/ki-convention.com\\\/#organization\"},\"potentialAction\":[{\"@type\":\"SearchAction\",\"target\":{\"@type\":\"EntryPoint\",\"urlTemplate\":\"https:\\\/\\\/ki-convention.com\\\/?s={search_term_string}\"},\"query-input\":{\"@type\":\"PropertyValueSpecification\",\"valueRequired\":true,\"valueName\":\"search_term_string\"}}],\"inLanguage\":\"en-US\"},{\"@type\":\"Organization\",\"@id\":\"https:\\\/\\\/ki-convention.com\\\/#organization\",\"name\":\"KI-Convention\",\"url\":\"https:\\\/\\\/ki-convention.com\\\/\",\"logo\":{\"@type\":\"ImageObject\",\"inLanguage\":\"en-US\",\"@id\":\"https:\\\/\\\/ki-convention.com\\\/#\\\/schema\\\/logo\\\/image\\\/\",\"url\":\"https:\\\/\\\/ki-convention.com\\\/wp-content\\\/uploads\\\/2020\\\/10\\\/main-logo-large.png\",\"contentUrl\":\"https:\\\/\\\/ki-convention.com\\\/wp-content\\\/uploads\\\/2020\\\/10\\\/main-logo-large.png\",\"width\":2001,\"height\":1851,\"caption\":\"KI-Convention\"},\"image\":{\"@id\":\"https:\\\/\\\/ki-convention.com\\\/#\\\/schema\\\/logo\\\/image\\\/\"}}]}<\/script>\n<!-- \/ Yoast SEO plugin. -->","yoast_head_json":{"title":"Dominik Renneke - AI & WE*","robots":{"index":"index","follow":"follow","max-snippet":"max-snippet:-1","max-image-preview":"max-image-preview:large","max-video-preview":"max-video-preview:-1"},"canonical":"https:\/\/ki-convention.com\/en\/community\/dominik-renneke\/","og_locale":"en_US","og_type":"article","og_title":"Dominik Renneke - AI & WE*","og_description":"Photo: Jill Abanico Dominik Renneke (* 1993) is a dramaturge and curator. He studied German, theater studies and history in M\u00fcnster and Bochum. After assistant directors at Ersan Mondtag and Thorleifur \u00d6rn Arnasson, he has been working at Burg H\u00fclshoff &#8211; Center for Literature since 2018, at the interface between literature and new forms of [&hellip;]","og_url":"https:\/\/ki-convention.com\/en\/community\/dominik-renneke\/","og_site_name":"AI & WE*","article_modified_time":"2021-10-25T11:23:16+00:00","og_image":[{"width":1667,"height":2500,"url":"https:\/\/ki-convention.com\/wp-content\/uploads\/2021\/10\/Dominik-Renneke_Burg-Hu\u0308lshoff.jpg","type":"image\/jpeg"}],"twitter_card":"summary_large_image","schema":{"@context":"https:\/\/schema.org","@graph":[{"@type":"WebPage","@id":"https:\/\/ki-convention.com\/en\/community\/dominik-renneke\/","url":"https:\/\/ki-convention.com\/en\/community\/dominik-renneke\/","name":"Dominik Renneke - AI & WE*","isPartOf":{"@id":"https:\/\/ki-convention.com\/#website"},"primaryImageOfPage":{"@id":"https:\/\/ki-convention.com\/en\/community\/dominik-renneke\/#primaryimage"},"image":{"@id":"https:\/\/ki-convention.com\/en\/community\/dominik-renneke\/#primaryimage"},"thumbnailUrl":"https:\/\/ki-convention.com\/wp-content\/uploads\/2021\/10\/c_Ute_Friederike_Schernau-scaled.jpg","datePublished":"2021-10-18T09:41:36+00:00","dateModified":"2021-10-25T11:23:16+00:00","breadcrumb":{"@id":"https:\/\/ki-convention.com\/en\/community\/dominik-renneke\/#breadcrumb"},"inLanguage":"en-US","potentialAction":[{"@type":"ReadAction","target":["https:\/\/ki-convention.com\/en\/community\/dominik-renneke\/"]}]},{"@type":"ImageObject","inLanguage":"en-US","@id":"https:\/\/ki-convention.com\/en\/community\/dominik-renneke\/#primaryimage","url":"https:\/\/ki-convention.com\/wp-content\/uploads\/2021\/10\/c_Ute_Friederike_Schernau-scaled.jpg","contentUrl":"https:\/\/ki-convention.com\/wp-content\/uploads\/2021\/10\/c_Ute_Friederike_Schernau-scaled.jpg","width":1703,"height":2560},{"@type":"BreadcrumbList","@id":"https:\/\/ki-convention.com\/en\/community\/dominik-renneke\/#breadcrumb","itemListElement":[{"@type":"ListItem","position":1,"name":"Startseite","item":"https:\/\/ki-convention.com\/en\/"},{"@type":"ListItem","position":2,"name":"Dominik Renneke"}]},{"@type":"WebSite","@id":"https:\/\/ki-convention.com\/#website","url":"https:\/\/ki-convention.com\/","name":"AI & WE*","description":"Die digitale Convention zu mehr Vielfalt in und mit K\u00fcnstlicher Intelligenz","publisher":{"@id":"https:\/\/ki-convention.com\/#organization"},"potentialAction":[{"@type":"SearchAction","target":{"@type":"EntryPoint","urlTemplate":"https:\/\/ki-convention.com\/?s={search_term_string}"},"query-input":{"@type":"PropertyValueSpecification","valueRequired":true,"valueName":"search_term_string"}}],"inLanguage":"en-US"},{"@type":"Organization","@id":"https:\/\/ki-convention.com\/#organization","name":"KI-Convention","url":"https:\/\/ki-convention.com\/","logo":{"@type":"ImageObject","inLanguage":"en-US","@id":"https:\/\/ki-convention.com\/#\/schema\/logo\/image\/","url":"https:\/\/ki-convention.com\/wp-content\/uploads\/2020\/10\/main-logo-large.png","contentUrl":"https:\/\/ki-convention.com\/wp-content\/uploads\/2020\/10\/main-logo-large.png","width":2001,"height":1851,"caption":"KI-Convention"},"image":{"@id":"https:\/\/ki-convention.com\/#\/schema\/logo\/image\/"}}]}},"featured_img":"https:\/\/ki-convention.com\/wp-content\/uploads\/2021\/10\/c_Ute_Friederike_Schernau-630x440.jpg","coauthors":[],"author_meta":{"author_link":"https:\/\/ki-convention.com\/en\/author\/kemnitz\/","display_name":"Teresa Kemnitz"},"relative_dates":{"created":"Posted 5 years ago","modified":"Updated 5 years ago"},"absolute_dates":{"created":"Posted on 18. October 2021","modified":"Updated on 25. October 2021"},"absolute_dates_time":{"created":"Posted on 18. October 2021 11:41","modified":"Updated on 25. October 2021 13:23"},"featured_img_caption":"","tax_additional":{"category":{"linked":["<a href=\"https:\/\/ki-convention.com\/en\/knowledge\/culture\/\" class=\"advgb-post-tax-term\">Culture<\/a>"],"unlinked":["<span class=\"advgb-post-tax-term\">Culture<\/span>"],"slug":"category","name":"Categories"}},"series_order":"","_links":{"self":[{"href":"https:\/\/ki-convention.com\/en\/wp-json\/wp\/v2\/community\/4143","targetHints":{"allow":["GET"]}}],"collection":[{"href":"https:\/\/ki-convention.com\/en\/wp-json\/wp\/v2\/community"}],"about":[{"href":"https:\/\/ki-convention.com\/en\/wp-json\/wp\/v2\/types\/community"}],"wp:featuredmedia":[{"embeddable":true,"href":"https:\/\/ki-convention.com\/en\/wp-json\/wp\/v2\/media\/5338"}],"wp:attachment":[{"href":"https:\/\/ki-convention.com\/en\/wp-json\/wp\/v2\/media?parent=4143"}],"wp:term":[{"taxonomy":"category","embeddable":true,"href":"https:\/\/ki-convention.com\/en\/wp-json\/wp\/v2\/categories?post=4143"}],"curies":[{"name":"wp","href":"https:\/\/api.w.org\/{rel}","templated":true}]}}

<h6 class="has-black-color has-text-color wp-block-heading">Photo: Jill Abanico</h6>

<p>Dominik Renneke (* 1993) is a dramaturge and curator. He studied German, theater studies and history in Münster and Bochum. After assistant directors at Ersan Mondtag and Thorleifur Örn Arnasson, he has been working at Burg Hülshoff &#8211; Center for Literature since 2018, at the interface between literature and new forms of artistic participatory mediation. In 2020 he founded the initiative<em> Call it Classism</em> &#8211; Classism in the culture industry. Starting in 2022, he will be working on a doctoral project on the influence of the New Right on art and culture.</p>

<p>Photo: Jill Abanico Dominik Renneke (* 1993) is a dramaturge and curator. He studied German, theater studies and history in Münster and Bochum. After assistant directors at Ersan Mondtag and Thorleifur Örn Arnasson, he has been working at Burg Hülshoff &#8211; Center for Literature since 2018, at the interface between literature and new forms of [&hellip;]</p>

<!-- This site is optimized with the Yoast SEO plugin v27.3 - https://yoast.com/product/yoast-seo-wordpress/ -->
<title>Dominik Renneke - AI &amp; WE*</title>
<meta name="robots" content="index, follow, max-snippet:-1, max-image-preview:large, max-video-preview:-1" />
<link rel="canonical" href="https://ki-convention.com/en/community/dominik-renneke/" />
<meta property="og:locale" content="en_US" />
<meta property="og:type" content="article" />
<meta property="og:title" content="Dominik Renneke - AI &amp; WE*" />
<meta property="og:description" content="Photo: Jill Abanico Dominik Renneke (* 1993) is a dramaturge and curator. He studied German, theater studies and history in Münster and Bochum. After assistant directors at Ersan Mondtag and Thorleifur Örn Arnasson, he has been working at Burg Hülshoff &#8211; Center for Literature since 2018, at the interface between literature and new forms of [&hellip;]" />
<meta property="og:url" content="https://ki-convention.com/en/community/dominik-renneke/" />
<meta property="og:site_name" content="AI &amp; WE*" />
<meta property="article:modified_time" content="2021-10-25T11:23:16+00:00" />
<meta property="og:image" content="https://ki-convention.com/wp-content/uploads/2021/10/Dominik-Renneke_Burg-Hülshoff.jpg" />
	<meta property="og:image:width" content="1667" />
	<meta property="og:image:height" content="2500" />
	<meta property="og:image:type" content="image/jpeg" />
<meta name="twitter:card" content="summary_large_image" />
<script type="application/ld+json" class="yoast-schema-graph">{"@context":"https:\/\/schema.org","@graph":[{"@type":"WebPage","@id":"https:\/\/ki-convention.com\/en\/community\/dominik-renneke\/","url":"https:\/\/ki-convention.com\/en\/community\/dominik-renneke\/","name":"Dominik Renneke - AI & WE*","isPartOf":{"@id":"https:\/\/ki-convention.com\/#website"},"primaryImageOfPage":{"@id":"https:\/\/ki-convention.com\/en\/community\/dominik-renneke\/#primaryimage"},"image":{"@id":"https:\/\/ki-convention.com\/en\/community\/dominik-renneke\/#primaryimage"},"thumbnailUrl":"https:\/\/ki-convention.com\/wp-content\/uploads\/2021\/10\/c_Ute_Friederike_Schernau-scaled.jpg","datePublished":"2021-10-18T09:41:36+00:00","dateModified":"2021-10-25T11:23:16+00:00","breadcrumb":{"@id":"https:\/\/ki-convention.com\/en\/community\/dominik-renneke\/#breadcrumb"},"inLanguage":"en-US","potentialAction":[{"@type":"ReadAction","target":["https:\/\/ki-convention.com\/en\/community\/dominik-renneke\/"]}]},{"@type":"ImageObject","inLanguage":"en-US","@id":"https:\/\/ki-convention.com\/en\/community\/dominik-renneke\/#primaryimage","url":"https:\/\/ki-convention.com\/wp-content\/uploads\/2021\/10\/c_Ute_Friederike_Schernau-scaled.jpg","contentUrl":"https:\/\/ki-convention.com\/wp-content\/uploads\/2021\/10\/c_Ute_Friederike_Schernau-scaled.jpg","width":1703,"height":2560},{"@type":"BreadcrumbList","@id":"https:\/\/ki-convention.com\/en\/community\/dominik-renneke\/#breadcrumb","itemListElement":[{"@type":"ListItem","position":1,"name":"Startseite","item":"https:\/\/ki-convention.com\/en\/"},{"@type":"ListItem","position":2,"name":"Dominik Renneke"}]},{"@type":"WebSite","@id":"https:\/\/ki-convention.com\/#website","url":"https:\/\/ki-convention.com\/","name":"AI & WE*","description":"Die digitale Convention zu mehr Vielfalt in und mit Künstlicher Intelligenz","publisher":{"@id":"https:\/\/ki-convention.com\/#organization"},"potentialAction":[{"@type":"SearchAction","target":{"@type":"EntryPoint","urlTemplate":"https:\/\/ki-convention.com\/?s={search_term_string}"},"query-input":{"@type":"PropertyValueSpecification","valueRequired":true,"valueName":"search_term_string"}}],"inLanguage":"en-US"},{"@type":"Organization","@id":"https:\/\/ki-convention.com\/#organization","name":"KI-Convention","url":"https:\/\/ki-convention.com\/","logo":{"@type":"ImageObject","inLanguage":"en-US","@id":"https:\/\/ki-convention.com\/#\/schema\/logo\/image\/","url":"https:\/\/ki-convention.com\/wp-content\/uploads\/2020\/10\/main-logo-large.png","contentUrl":"https:\/\/ki-convention.com\/wp-content\/uploads\/2020\/10\/main-logo-large.png","width":2001,"height":1851,"caption":"KI-Convention"},"image":{"@id":"https:\/\/ki-convention.com\/#\/schema\/logo\/image\/"}}]}</script>
<!-- / Yoast SEO plugin. -->

Photo: Jill Abanico Dominik Renneke (* 1993) is a dramaturge and curator. He studied German, theater studies and history in Münster and Bochum. After assistant directors at Ersan Mondtag and Thorleifur Örn Arnasson, he has been working at Burg Hülshoff &#8211; Center for Literature since 2018, at the interface between literature and new forms of [&hellip;]

Die digitale Convention zu mehr Vielfalt in und mit Künstlicher Intelligenz
